he prime factors of 2369875.
5, 18959
What are the prime factors of 60592?
2, 7, 541
What are the prime factors of 9857313?
3, 1095257
What are the prime factors of 2744417?
13, 19, 41, 271
What are the prime factors of 11062742?
2, 5531371
List the prime factors of 505288.
2, 7, 1289
List the prime factors of 933882.
2, 3, 317, 491
What are the prime factors of 348246?
2, 3, 6449
What are the prime factors of 4320834?
2, 3, 7, 102877
List the prime factors of 675340.
2, 5, 33767
What are the prime factors of 260950?
2, 5, 17, 307
List the prime factors of 543614.
2, 271807
List the prime factors of 1029945.
3, 5, 7, 17, 577
List the prime factors of 712484.
2, 59, 3019
List the prime factors of 1425570.
2, 3, 5, 19, 41, 61
List the prime factors of 33908840.
2, 5, 7, 347, 349
What are the prime factors of 1084569?
3, 361523
List the prime factors of 5414221.
19, 233, 1223
What are the prime factors of 225936?
2, 3, 523
List the prime factors of 1064589.
3, 19, 983
List the prime factors of 615157.
263, 2339
List the prime factors of 5084495.
5, 13, 19, 23, 179
What are the prime factors of 1884533?
7, 269219
What are the prime factors of 24280226?
2, 23, 107, 4933
What are the prime factors of 10938900?
2, 3, 5, 7, 5209
List the prime factors of 1346352.
2, 3, 7, 4007
What are the prime factors of 3098772?
2, 3, 86077
List the prime factors of 225135.
3, 5, 5003
What are the prime factors of 24210521?
97, 249593
What are the prime factors of 113038?
2, 56519
What are the prime factors of 56424?
2, 3, 2351
What are the prime factors of 4236870?
2, 3, 5, 11, 37, 347
What are the prime factors of 79716?
2, 3, 7, 13, 73
List the prime factors of 733167.
3, 81463
What are the prime factors of 25860865?
5, 463, 11171
What are the prime factors of 192835?
5, 38567
What are the prime factors of 3419895?
3, 5, 227993
What are the prime factors of 5513995?
5, 89, 12391
List the prime factors of 1020517.
1020517
What are the prime factors of 1105572?
2, 3, 13, 19, 373
List the prime factors of 1317935.
5, 19, 13873
What are the prime factors of 12002838?
2, 3, 739, 2707
List the prime factors of 439611.
3, 29, 31, 163
List the prime factors of 141500.
2, 5, 283
List the prime factors of 5036481.
3, 41, 13649
List the prime factors of 108437.
7, 2213
List the prime factors of 143803.
11, 17, 769
What are the prime factors of 235490?
2, 5, 23549
What are the prime factors of 314895?
3, 5, 7, 2999
What are the prime factors of 9802116?
2, 3, 29, 41, 229
What are the prime factors of 8049892?
2, 769, 2617
What are the prime factors of 18360439?
1091, 16829
List the prime factors of 6792962.
2, 11, 17, 41, 443
List the prime factors of 2084022.
2, 3, 38593
List the prime factors of 957566.
2, 683, 701
What are the prime factors of 134293?
134293
What are the prime factors of 1858403?
1858403
List the prime factors of 258019.
258019
What are the prime factors of 193149?
3, 11, 1951
List the prime factors of 142671.
3, 19, 2503
List the prime factors of 830355.
3, 5, 197, 281
What are the prime factors of 8486881?
13, 652837
What are the prime factors of 16275471?
3, 61, 88937
What are the prime factors of 2393651?
13, 17, 10831
What are the prime factors of 1206566?
2, 603283
What are the prime factors of 22737944?
2, 41, 181, 383
What are the prime factors of 20311276?
2, 5077819
What are the prime factors of 1442431?
29, 49739
What are the prime factors of 7265062?
2, 7, 518933
List the prime factors of 4364600.
2, 5, 139, 157
What are the prime factors of 305081?
7, 41, 1063
List the prime factors of 7565595.
3, 5, 17, 29669
List the prime factors of 204765.
3, 5, 11, 17, 73
What are the prime factors of 2180098?
2, 19, 103, 557
What are the prime factors of 587474?
2, 83, 3539
What are the prime factors of 1311866?
2, 61, 10753
What are the prime factors of 4978679?
1229, 4051
List the prime factors of 12634849.
127, 99487
List the prime factors of 367756.
2, 91939
List the prime factors of 11963014.
2, 7, 181, 4721
What are the prime factors of 6637439?
6637439
List the prime factors of 79864.
2, 67, 149
What are the prime factors of 26000944?
2, 1625059
List the prime factors of 544738.
2, 272369
What are the prime factors of 719482?
2, 163, 2207
List the prime factors of 450712.
2, 53, 1063
List the prime factors of 24499856.
2, 17, 90073
List the prime factors of 185248.
2, 7, 827
What are the prime factors of 1690555?
5, 29, 89, 131
What are the prime factors of 22107691?
131, 168761
List the prime factors of 232.
2, 29
List the prime factors of 3884783.
7, 554969
List the prime factors of 23383261.
11, 2125751
What are the prime factors of 848524?
2, 212131
List the prime factors of 11007070.
2, 5, 79, 13933
What are the prime factors of 1659874?
2, 73, 11369
What are the prime factors of 3813895?
5, 762779
List the prime factors of 1403113.
1403113
What are the prime factors of 127101?
3, 13, 3259
List the prime factors of 175437.
3, 101, 193
List the prime factors of 960170.
2, 5, 96017
What are the prime factors of 31601?
31601
What are the prime factors of 2588012?
2, 7, 17, 5437
List the prime factors of 5370076.
2, 1342519
What are the prime factors of 17574598?
2, 8787299
What are the prime factors of 3764859?
3, 7, 61, 2939
List the prime factors of 2182508.
2, 43, 12689
List the prime factors of 3001479.
3, 13, 76961
List the prime factors of 654263.
433, 1511
List the prime factors of 2950583.
2950583
What are the prime factors of 353016?
2, 3, 4903
What are the prime factors of 2505726?
2, 3, 107, 1301
What are the prime factors of 1151227?
7, 11, 14951
List the prime factors of 456661.
31, 14731
What are the prime factors of 31901491?
199, 160309
What are the prime factors of 159196?
2, 39799
What are the prime factors of 267575?
5, 7, 11, 139
List the prime factors of 2052865.
5, 23, 17851
What are the prime factors of 791912?
2, 11, 8999
What are the prime factors of 174337?
174337
List the prime factors of 1001828.
2, 211, 1187
List the prime factors of 113150.
2, 5, 31, 73
What are the prime factors of 1971261?
3, 23, 89, 107
What are the prime factors of 2706427?
2706427
What are the prime factors of 279889?
19, 14731
List the prime factors of 154264.
2, 11, 1753
What are the prime factors of 4223910?
2, 3, 5, 140797
List the prime factors of 2973099.
3, 683, 1451
List the prime factors of 1048928.
2, 32779
What are the prime factors of 309356?
2, 77339
List the prime factors of 497213.
47, 71, 149
List the prime factors of 2161301.
2161301
List the prime factors of 374149.
374149
List the prime factors of 3740963.
41, 91243
What are the prime factors of 87008?
2, 2719
What are the prime factors of 85292?
2, 21323
What are the prime factors of 68269?
233, 293
What are the prime factors of 6131613?
3, 1301, 1571
What are the prime factors of 720180?
2, 3, 5, 4001
List the prime factors of 3823747.
3823747
List the prime factors of 817957.
7, 16693
What are the prime factors of 13726212?
2, 3, 1143851
List the prime factors of 117219.
3, 41, 953
What are the prime factors of 434556?
2, 3, 12071
List the prime factors of 12564387.
3, 11, 126913
What are the prime factors of 1425640?
2, 5, 29, 1229
List the prime factors of 11869275.
3, 5, 11, 14387
What are the prime factors of 198573?
3, 66191
What are the prime factors of 16120602?
2, 3, 67, 13367
List the prime factors of 2749478.
2, 17, 193, 419
List the prime factors of 1571795.
5, 314359
What are the prime factors of 563783?
11, 107, 479
List the prime factors of 1050399.
3, 7, 16673
What are the prime factors of 18475942?
2, 19, 601, 809
List the prime factors of 1209094.
2, 604547
What are the prime factors of 148930?
2, 5, 53, 281
List the prime factors of 5335622.
2, 37, 72103
List the prime factors of 8381215.
5, 1676243
List the prime factors of 1544079.
3, 31, 16603
What are the prime factors of 5708413?
17, 409, 821
What are the prime factors of 528053?
528053
List the prime factors of 1738193.
1049, 1657
What are the prime factors of 1680227?
19, 191, 463
What are the prime factors of 8961080?
2, 5, 224027
List the prime factors of 18371447.
18371447
List the prime factors of 364164.
2, 3, 30347
List the prime factors of 457017.
3, 11, 1259
What are the prime factor